 j. Calculate the highest common factor of 45 and k.
5
Let i = 679 - 671. Let h = -6 + 38. What is the greatest common factor of h and i?
8
Let b(j) = j**2 - 19*j + 71. Let r be b(14). What is the highest common factor of r and 131?
1
Let k(c) = 5*c**3 - 6*c + 2. Let p be k(6). Let o be p/(-30) - (-6)/(-45). Let s be 6/(-4) - o/2. Calculate the greatest common factor of 176 and s.
16
Let m be -3*((-64)/6)/4. Suppose v - m = 3. Suppose 2*t - 203 = -5*w, 0 = 2*t - w - 101 - 96. Calculate the highest common factor of v and t.
11
Let c(x) = -36*x + 160. Let r be c(4). Calculate the highest common divisor of 536 and r.
8
Let v be -12*(-1)/((-9)/(-6)). Let j = v + -5. Let q be ((-52)/(-8) - j)*24. Calculate the greatest common factor of 12 and q.
12
Let y(j) = 4*j - 38. Let p be y(14). Let a(i) = -i**2 + 16*i + 40. Let s be a(p). What is the greatest common factor of 44 and s?
4
Suppose -2*m + 3*u + 2 = 2*m, 0 = m - u. Suppose 7*x + 0*x + 21 = 0. Let r be x - (-42 - m - -1). Calculate the highest common divisor of r and 5.
5
Let c(q) = q**3 + 6*q**2 - 22*q - 38. Let v be c(-8). Calculate the greatest common divisor of 470 and v.
10
Let n(t) = -5*t - 12. Let i be n(-5). Let y = 129 + -12. Suppose 4*b - y = b. What is the highest common factor of i and b?
13
Let k(u) = 24*u**2 + 2*u - 1. Let r be k(1). Suppose 0 = 7*a + 6 - 76. What is the highest common divisor of a and r?
5
Let q be 137 + (-1 + 0)*1. Suppose 9 = z + 5*k, -3*z - 9*k = -6*k - 87. What is the greatest common divisor of z and q?
34
Let j = -54 + 186. Let w = j + -87. Suppose y + a = 17, 11*a + 20 = 2*y + 6*a. What is the greatest common divisor of w and y?
15
Suppose 24*j - 1760 = 160. Calculate the greatest common factor of j and 144.
16
Let x be (14 + 1134/(-35))/(2/(-15)). Calculate the highest common factor of x and 184.
46
Let o(i) = -19*i - 63. Let w be o(-4). Calculate the highest common divisor of 13 and w.
13
Let w be (0/(-2) + 1)/1. Let q(y) = 56 + 2*y - 56. Let o be q(w). Calculate the highest common factor of o and 10.
2
Let z be (9/12)/(1/4). Let l be 6/z - (3 + -1). Let w be 2 - l - 9/(-1). Calculate the greatest common factor of w and 44.
11
Suppose -2*g + 13 - 3 = 0. Suppose g*q = 79 + 261. Let b be (40 + 0 - 2) + -4. What is the greatest common divisor of b and q?
34
Let w be (-80)/(-12) + (-2)/3. Let y(c) = c**2 + 9*c + 12. Let r = 47 + -59. Let x be y(r). Calculate the greatest common factor of w and x.
6
Let n = 3120 - 3112. Let y = 48 + -8. What is the greatest common divisor of y and n?
8
Suppose 88*g - 396 = 77*g. Calculate the highest common divisor of g and 36.
36
Let v(g) = g**3 + 9*g**2 - 16*g - 33. Let f be v(-10). Calculate the highest common divisor of f and 837.
27
Let f be 1*(-3 + 12)*1. Let t = -8 + f. Let m(k) = k**3 - 6*k**2 + 6*k. Let q be m(5). Calculate the greatest common divisor of q and t.
1
Suppose 5*p - 2*d + 55 = 3*d, d = 4*p + 59. Let u = -8 - 20. Let k = p - u. What is the greatest common factor of 3 and k?
3
Suppose 8*r - 3*r - 28 = 3*i, 5*i = 5*r - 20. Let b be 7 + (r - (3 + 0)). Calculate the greatest common factor of b and 9.
3
Suppose -7*y - 84 = 7*y. Let p = y + 9. What is the greatest common factor of p and 27?
3
Let l = -210 + 441. Let n = -5100 + 5121. What is the highest common factor of l and n?
21
Suppose 35 = 2*b - 5. Calculate the greatest common factor of b and 12.
4
Let n be ((2 - 0) + -3)*31. Let a = 106 + n. What is the greatest common factor of 30 and a?
15
Let o be (-3 + 7 - 2) + 83. Let i = -68 + o. Calculate the greatest common divisor of 68 and i.
17
Suppose -7*f = -22*f + 36765. What is the highest common divisor of f and 57?
57
Suppose -35*v = -482 - 218. Calculate the highest common factor of 180 and v.
20
Let v = -233 - -352. Calculate the highest common factor of 7 and v.
7
Let v be (-2)/(-4)*-4 + 398. What is the greatest common divisor of 99 and v?
99
Let o(r) = -r + 2. Let s be o(-7). Calculate the greatest common factor of s and 117.
9
Suppose 945 = 5*p - 3*q, -3*p + 975 = 2*p + 3*q. What is the greatest common divisor of p and 320?
64
Let x(o) = o + 18. Let l be x(0). Suppose 5*g + 50 + 135 = -4*d, 135 = -3*d - 3*g. Let z = d + 85. Calculate the highest common factor of l and z.
9
Suppose 2001 = 4*i + 257. Let f = i - 139. What is the highest common factor of 33 and f?
33
Let n be (-2 - (-44)/16) + (-4284)/(-48). What is the highest common divisor of 40 and n?
10
Let h = -31 + 33. Suppose -11 - 5 = -v + 3*m, -5*v + 132 = -h*m. Let i be 32/v - 2/14. What is the highest common factor of i and 8?
1
Suppose 10 = 2*k - l + 2*l, 2*k + 3*l - 18 = 0. Suppose -4*g + 73 = g - 4*b, 26 = g + k*b. Calculate the highest common divisor of 187 and g.
17
Let d(u) = 18*u - 42. Let j be d(6). Calculate the highest common divisor of j and 88.
22
Let n = -34 + 40. Suppose 15 + n = 3*b. Let g = 47 + -33. Calculate the highest common divisor of b and g.
7
Let h = 1823 + -723. What is the greatest common factor of h and 75?
25
Suppose 6*i = 3*i + 54. Let b be -3*1 + -12 + i. What is the greatest common factor of b and 2?
1
Suppose 2*c = -4 + 20. Suppose -5*j + 1081 = 2*l, l - 3*l = 4*j - 864. Suppose 71 = 4*w - j. Calculate the greatest common divisor of c and w.
8
Let d = 1052 - 882. Calculate the highest common factor of d and 17.
17
Suppose 0 = 3*c - 5*c + 32. Let m(p) = 1 - p + 3 + c*p - 3*p**2 + 2*p**2. Let f be m(14). What is the greatest common factor of f and 72?
18
Let p(j) = 3*j**2 + 4*j - 1. Let t be p(-3). Let f(l) = 3*l**2 + 4*l - 62. Let d be f(-8). What is the greatest common factor of t and d?
14
Let k = -97 + 169. Calculate the highest common factor of k and 8.
8
Let c be 6/33 - (-4)/(-22). Let y be (16 + c)/(6/3). Let b be 510/40 + 2/y. What is the greatest common divisor of 91 and b?
13
Let r(o) = 90*o**3 + 2*o**2 - 7*o + 1. Let v be r(2). What is the greatest common divisor of v and 65?
65
Let m(z) = z**3 + 10*z**2 - 3*z - 11. Let y be m(-10). Suppose -h - y = -2*l, 6 - 1 = -h. Calculate the highest common divisor of l and 35.
7
Suppose 65*v = 1088 + 602. Let x be (-104)/6*(-6)/4. What is the highest common divisor of x and v?
26
Suppose -7*i = -9*i + 4*b + 142, -i + 4*b + 77 = 0. Calculate the highest common factor of 52 and i.
13
Suppose 0 = u + 3*d - 11 + 14, -12 = 4*d. Let a(r) = 11*r - 2. Let f be a(4). What is the highest common factor of u and f?
6
Let p(s) = 20*s - 21. Let u be p(11). Suppose 5*r - 31 = u. What is the greatest common divisor of r and 23?
23
Let g = -31 + 108. Let m(k) = 22*k**2 - k + 1. Let z be m(1). Suppose -3*i - z = -5*i. Calculate the highest common divisor of g and i.
11
Let b = -94 + 127. What is the highest common factor of b and 176?
11
Let b = -23 + 59. Let r be (b/15)/(-3)*-60. Let x(t) = t**3 - 3*t**2 - 7*t + 1. Let a be x(5). Calculate the greatest common factor of a and r.
16
Suppose v - 80 = 4*n, -4*v + 372 - 12 = 4*n. Let s be (-13)/((-260)/v) + 2/(-5). Calculate the greatest common divisor of 44 and s.
4
Let z = 70 + -118. Let s = z - -73. Calculate the greatest common factor of 100 and s.
25
Let m be 2/8 + 182/(-56) + 11. Let f(k) = 5*k**2 + 9*k + 2. Let y be f(-6). What is the greatest common divisor of m and y?
8
Suppose 4*b = -5*b + 216. What is the greatest common factor of 696 and b?
24
Let d = -128 - -188. Let h = -26 + 38. Calculate the greatest common divisor of h and d.
12
Suppose l = 2*q + 270, 2*l - q = 260 + 283. What is the highest common divisor of l and 17?
17
Let d be 8/(-10) + 488/10. Calculate the highest common divisor of 3 and d.
3
Suppose 5*g = 2*g - 4*k + 207, -3*g - 3*k = -210. Calculate the highest common factor of g and 73.
73
Let r = 327 - 152. Let m(v) = v**2 - 11. Let u be m(9). What is the highest common factor of u and r?
35
Let c be 1 + (167 - -1)/((-4)/(-6)). Suppose 69 = 3*w + 5*p, 4*p - 5 = -3*w + 64. Calculate the greatest common factor of w and c.
23
Let h(v) = 5*v**2 + 17*v + 1. Let f(j) = -4*j**2 - 16*j - 1. Let s(r) = 4*f(r) + 3*h(r). Let p be s(-12). What is the highest common factor of 11 and p?
11
Let g(a) = -4*a**3 + a. Let l be g(-1). Let z(o) = -o**3 - 4*o**2 + 5*o + 18. Let p = 43 + -48. Let v be z(p). What is the highest common factor of l and v?
3
Let i = 23 + -15. Let t be -1 - -3*(-3 - -2). Let z be ((-8)/(-3))/t*-84